{"id":216,"date":"2020-09-20T21:12:05","date_gmt":"2020-09-20T19:12:05","guid":{"rendered":"http:\/\/marchingbandmarcq.com\/index.php\/home-2\/"},"modified":"2025-01-10T12:29:03","modified_gmt":"2025-01-10T11:29:03","slug":"home-2","status":"publish","type":"page","link":"https:\/\/marchingbandmarcq.com\/","title":{"rendered":""},"content":{"rendered":"<div class=\"wp-block-image is-style-default\">\n<figure class=\"aligncenter size-large is-resized\"><img loading=\"lazy\" decoding=\"async\" width=\"1024\" height=\"409\" src=\"http:\/\/marchingbandmarcq.com\/wp-content\/uploads\/2020\/09\/Logo-1024x409.jpg\" alt=\"\" class=\"wp-image-360\" style=\"width:377px;height:150px\" srcset=\"https:\/\/marchingbandmarcq.com\/wp-content\/uploads\/2020\/09\/Logo-1024x409.jpg 1024w, https:\/\/marchingbandmarcq.com\/wp-content\/uploads\/2020\/09\/Logo-300x120.jpg 300w, https:\/\/marchingbandmarcq.com\/wp-content\/uploads\/2020\/09\/Logo-768x306.jpg 768w, https:\/\/marchingbandmarcq.com\/wp-content\/uploads\/2020\/09\/Logo.jpg 1238w\" sizes=\"auto, (max-width: 1024px) 100vw, 1024px\" \/><\/figure><\/div>\n\n\n<h3 class=\"wp-block-heading has-text-align-center\">Bienvenue sur le site du<\/h3>\n\n\n\n<h3 class=\"wp-block-heading has-text-align-center\">Marching Band de Marcq-en-Bar\u0153ul<\/h3>\n\n\n\n<div style=\"height:30px\" aria-hidden=\"true\" class=\"wp-block-spacer\"><\/div>\n\n\n<div class=\"wp-block-image\">\n<figure class=\"aligncenter size-large\"><img loading=\"lazy\" decoding=\"async\" width=\"1024\" height=\"768\" src=\"https:\/\/marchingbandmarcq.com\/wp-content\/uploads\/2023\/10\/IMG_4950-1024x768.jpeg\" alt=\"\" class=\"wp-image-1301\" srcset=\"https:\/\/marchingbandmarcq.com\/wp-content\/uploads\/2023\/10\/IMG_4950-1024x768.jpeg 1024w, https:\/\/marchingbandmarcq.com\/wp-content\/uploads\/2023\/10\/IMG_4950-300x225.jpeg 300w, https:\/\/marchingbandmarcq.com\/wp-content\/uploads\/2023\/10\/IMG_4950-768x576.jpeg 768w, https:\/\/marchingbandmarcq.com\/wp-content\/uploads\/2023\/10\/IMG_4950-1536x1152.jpeg 1536w, https:\/\/marchingbandmarcq.com\/wp-content\/uploads\/2023\/10\/IMG_4950-2048x1536.jpeg 2048w, https:\/\/marchingbandmarcq.com\/wp-content\/uploads\/2023\/10\/IMG_4950-2000x1500.jpeg 2000w\" sizes=\"auto, (max-width: 1024px) 100vw, 1024px\" \/><\/figure><\/div>\n\n\n<div style=\"height:30px\" aria-hidden=\"true\" class=\"wp-block-spacer\"><\/div>\n\n\n\n<h5 class=\"wp-block-heading has-text-align-center\">Retrouvez-nous sur les r\u00e9seaux sociaux<\/h5>\n\n\n\n<h5 class=\"wp-block-heading has-text-align-center\"><a href=\"https:\/\/www.facebook.com\/groups\/3036500216390050\" target=\"_blank\" rel=\"noreferrer noopener\">Facebook<\/a><\/h5>\n\n\n\n<h5 class=\"wp-block-heading has-text-align-center\"><a href=\"https:\/\/www.instagram.com\/marchingbandmb\/?hl=fr\">INSTAGRAM<\/a><\/h5>\n\n\n\n<h5 class=\"wp-block-heading has-text-align-center\"><a href=\"https:\/\/tr.ee\/vrY_Hr0ewO\">TikTok<\/a><\/h5>\n\n\n\n<h5 class=\"wp-block-heading has-text-align-center\"><a href=\"https:\/\/marchingbandmarcq.com\/index.php\/newsletter\/\">S&rsquo;inscrire \u00e0 la newsletter<\/a><\/h5>\n","protected":false},"excerpt":{"rendered":"<p>Bienvenue sur le site du Marching Band de Marcq-en-Bar\u0153ul Retrouvez-nous sur les r\u00e9seaux sociaux Facebook INSTAGRAM TikTok S&rsquo;inscrire \u00e0 la newsletter<\/p>\n","protected":false},"author":1,"featured_media":0,"parent":0,"menu_order":0,"comment_status":"closed","ping_status":"closed","template":"","meta":{"footnotes":""},"class_list":["post-216","page","type-page","status-publish","hentry"],"_links":{"self":[{"href":"https:\/\/marchingbandmarcq.com\/index.php\/wp-json\/wp\/v2\/pages\/216","targetHints":{"allow":["GET"]}}],"collection":[{"href":"https:\/\/marchingbandmarcq.com\/index.php\/wp-json\/wp\/v2\/pages"}],"about":[{"href":"https:\/\/marchingbandmarcq.com\/index.php\/wp-json\/wp\/v2\/types\/page"}],"author":[{"embeddable":true,"href":"https:\/\/marchingbandmarcq.com\/index.php\/wp-json\/wp\/v2\/users\/1"}],"replies":[{"embeddable":true,"href":"https:\/\/marchingbandmarcq.com\/index.php\/wp-json\/wp\/v2\/comments?post=216"}],"version-history":[{"count":25,"href":"https:\/\/marchingbandmarcq.com\/index.php\/wp-json\/wp\/v2\/pages\/216\/revisions"}],"predecessor-version":[{"id":1706,"href":"https:\/\/marchingbandmarcq.com\/index.php\/wp-json\/wp\/v2\/pages\/216\/revisions\/1706"}],"wp:attachment":[{"href":"https:\/\/marchingbandmarcq.com\/index.php\/wp-json\/wp\/v2\/media?parent=216"}],"curies":[{"name":"wp","href":"https:\/\/api.w.org\/{rel}","templated":true}]}}